{"id":12,"date":"2024-08-23T12:18:54","date_gmt":"2024-08-23T12:18:54","guid":{"rendered":"https:\/\/david.gndev.se\/?page_id=12"},"modified":"2024-09-13T09:09:34","modified_gmt":"2024-09-13T09:09:34","slug":"elementor-12","status":"publish","type":"page","link":"https:\/\/david.gndev.se\/","title":{"rendered":"Startsida"},"content":{"rendered":"\t\t<div data-elementor-type=\"wp-page\" data-elementor-id=\"12\" class=\"elementor elementor-12\" data-elementor-post-type=\"page\">\n\t\t\t\t<div class=\"elementor-element elementor-element-3369bc3 e-flex e-con-boxed e-con e-parent\" data-id=\"3369bc3\" data-element_type=\"container\" data-settings=\"{&quot;background_background&quot;:&quot;classic&quot;}\">\n\t\t\t\t\t<div class=\"e-con-inner\">\n\t\t\t\t<div class=\"elementor-element elementor-element-ef084bb elementor-invisible elementor-widget elementor-widget-heading\" data-id=\"ef084bb\" data-element_type=\"widget\" data-settings=\"{&quot;motion_fx_motion_fx_scrolling&quot;:&quot;yes&quot;,&quot;motion_fx_translateY_effect&quot;:&quot;yes&quot;,&quot;motion_fx_translateY_speed&quot;:{&quot;unit&quot;:&quot;px&quot;,&quot;size&quot;:0,&quot;sizes&quot;:[]},&quot;motion_fx_blur_effect&quot;:&quot;yes&quot;,&quot;motion_fx_blur_direction&quot;:&quot;in-out&quot;,&quot;motion_fx_blur_range&quot;:{&quot;unit&quot;:&quot;%&quot;,&quot;size&quot;:&quot;&quot;,&quot;sizes&quot;:{&quot;start&quot;:67,&quot;end&quot;:100}},&quot;_animation&quot;:&quot;fadeIn&quot;,&quot;motion_fx_translateY_affectedRange&quot;:{&quot;unit&quot;:&quot;%&quot;,&quot;size&quot;:&quot;&quot;,&quot;sizes&quot;:{&quot;start&quot;:0,&quot;end&quot;:100}},&quot;motion_fx_blur_level&quot;:{&quot;unit&quot;:&quot;px&quot;,&quot;size&quot;:7,&quot;sizes&quot;:[]},&quot;motion_fx_devices&quot;:[&quot;desktop&quot;,&quot;tablet&quot;,&quot;mobile&quot;]}\" data-widget_type=\"heading.default\">\n\t\t\t\t<div class=\"elementor-widget-container\">\n\t\t\t<h1 class=\"elementor-heading-title elementor-size-default\">Leo the Lizard<\/h1>\t\t<\/div>\n\t\t\t\t<\/div>\n\t\t\t\t\t<\/div>\n\t\t\t\t<\/div>\n\t\t<div class=\"elementor-element elementor-element-579ecdd e-con-full e-flex e-con e-parent\" data-id=\"579ecdd\" data-element_type=\"container\" data-settings=\"{&quot;background_background&quot;:&quot;classic&quot;}\">\n\t\t<div class=\"elementor-element elementor-element-ffc7bf8 e-con-full e-flex e-con e-child\" data-id=\"ffc7bf8\" data-element_type=\"container\" data-settings=\"{&quot;background_background&quot;:&quot;classic&quot;}\">\n\t\t\t\t<div class=\"elementor-element elementor-element-b0a75dd elementor-widget elementor-widget-heading\" data-id=\"b0a75dd\" data-element_type=\"widget\" data-widget_type=\"heading.default\">\n\t\t\t\t<div class=\"elementor-widget-container\">\n\t\t\t<h2 class=\"elementor-heading-title elementor-size-default\">#55<\/h2>\t\t<\/div>\n\t\t\t\t<\/div>\n\t\t\t\t<div class=\"elementor-element elementor-element-a9567ae elementor-widget elementor-widget-text-editor\" data-id=\"a9567ae\" data-element_type=\"widget\" data-widget_type=\"text-editor.default\">\n\t\t\t\t<div class=\"elementor-widget-container\">\n\t\t\t\t\t\t\tLeo Engdahl \u00e4r en ung och lovande gokartf\u00f6rare som nyligen har b\u00f6rjat sin karri\u00e4r inom sporten. Trots sin status som nyb\u00f6rjare har Leo visat prov p\u00e5 stor talang och potential, och han har redan imponerat med sina prestationer p\u00e5 banan. Med sin passion f\u00f6r racing och sin h\u00e4ngivna tr\u00e4ningsetik ser Leo fram emot att forts\u00e4tta utvecklas och n\u00e5 nya framg\u00e5ngar inom gokartv\u00e4rlden.\t\t\t\t\t\t<\/div>\n\t\t\t\t<\/div>\n\t\t\t\t<div class=\"elementor-element elementor-element-7e00784 elementor-align-center elementor-widget elementor-widget-button\" data-id=\"7e00784\" data-element_type=\"widget\" data-widget_type=\"button.default\">\n\t\t\t\t<div class=\"elementor-widget-container\">\n\t\t\t\t\t<div class=\"elementor-button-wrapper\">\n\t\t\t<a class=\"elementor-button elementor-button-link elementor-size-sm\" href=\"#\">\n\t\t\t\t\t\t<span class=\"elementor-button-content-wrapper\">\n\t\t\t\t\t\t\t\t\t<span class=\"elementor-button-text\">Klicka h\u00e4r<\/span>\n\t\t\t\t\t<\/span>\n\t\t\t\t\t<\/a>\n\t\t<\/div>\n\t\t\t\t<\/div>\n\t\t\t\t<\/div>\n\t\t\t\t<\/div>\n\t\t<div class=\"elementor-element elementor-element-cb21a2c e-con-full e-flex e-con e-child\" data-id=\"cb21a2c\" data-element_type=\"container\">\n\t\t\t\t<div class=\"elementor-element elementor-element-a818867 elementor-widget elementor-widget-image\" data-id=\"a818867\" data-element_type=\"widget\" data-widget_type=\"image.default\">\n\t\t\t\t<div class=\"elementor-widget-container\">\n\t\t\t\t\t\t\t\t\t\t\t\t\t<img fetchpriority=\"high\" decoding=\"async\" width=\"800\" height=\"640\" src=\"https:\/\/david.gndev.se\/wp-content\/uploads\/2024\/08\/DSC02037-1024x819.jpg\" class=\"attachment-large size-large wp-image-15\" alt=\"\" srcset=\"https:\/\/david.gndev.se\/wp-content\/uploads\/2024\/08\/DSC02037-1024x819.jpg 1024w, https:\/\/david.gndev.se\/wp-content\/uploads\/2024\/08\/DSC02037-300x240.jpg 300w, https:\/\/david.gndev.se\/wp-content\/uploads\/2024\/08\/DSC02037-768x614.jpg 768w, https:\/\/david.gndev.se\/wp-content\/uploads\/2024\/08\/DSC02037-1536x1229.jpg 1536w, https:\/\/david.gndev.se\/wp-content\/uploads\/2024\/08\/DSC02037-2048x1639.jpg 2048w\" sizes=\"(max-width: 800px) 100vw, 800px\" \/>\t\t\t\t\t\t\t\t\t\t\t\t\t<\/div>\n\t\t\t\t<\/div>\n\t\t\t\t<\/div>\n\t\t\t\t<\/div>\n\t\t<div class=\"elementor-element elementor-element-f696ba2 e-flex e-con-boxed e-con e-parent\" data-id=\"f696ba2\" data-element_type=\"container\">\n\t\t\t\t\t<div class=\"e-con-inner\">\n\t\t<div class=\"elementor-element elementor-element-6356a37 e-con-full e-flex e-con e-child\" data-id=\"6356a37\" data-element_type=\"container\">\n\t\t\t\t<\/div>\n\t\t<div class=\"elementor-element elementor-element-dd28ce9 e-con-full e-flex e-con e-child\" data-id=\"dd28ce9\" data-element_type=\"container\">\n\t\t\t\t<\/div>\n\t\t<div class=\"elementor-element elementor-element-e31b0cb e-con-full e-flex e-con e-child\" data-id=\"e31b0cb\" data-element_type=\"container\">\n\t\t\t\t<\/div>\n\t\t<div class=\"elementor-element elementor-element-829b9d7 e-con-full e-flex e-con e-child\" data-id=\"829b9d7\" data-element_type=\"container\">\n\t\t\t\t<\/div>\n\t\t\t\t\t<\/div>\n\t\t\t\t<\/div>\n\t\t\t\t<\/div>\n\t\t","protected":false},"excerpt":{"rendered":"<p>Leo the Lizard #55 Leo Engdahl \u00e4r en ung och lovande gokartf\u00f6rare som nyligen har b\u00f6rjat sin karri\u00e4r inom sporten. Trots sin status som nyb\u00f6rjare har Leo visat prov p\u00e5 stor talang och potential, och han har redan imponerat med sina prestationer p\u00e5 banan. Med sin passion f\u00f6r racing och sin h\u00e4ngivna tr\u00e4ningsetik ser Leo [&hellip;]<\/p>\n","protected":false},"author":1,"featured_media":0,"parent":0,"menu_order":0,"comment_status":"closed","ping_status":"closed","template":"","meta":{"footnotes":""},"class_list":["post-12","page","type-page","status-publish","hentry"],"_links":{"self":[{"href":"https:\/\/david.gndev.se\/index.php\/wp-json\/wp\/v2\/pages\/12","targetHints":{"allow":["GET"]}}],"collection":[{"href":"https:\/\/david.gndev.se\/index.php\/wp-json\/wp\/v2\/pages"}],"about":[{"href":"https:\/\/david.gndev.se\/index.php\/wp-json\/wp\/v2\/types\/page"}],"author":[{"embeddable":true,"href":"https:\/\/david.gndev.se\/index.php\/wp-json\/wp\/v2\/users\/1"}],"replies":[{"embeddable":true,"href":"https:\/\/david.gndev.se\/index.php\/wp-json\/wp\/v2\/comments?post=12"}],"version-history":[{"count":23,"href":"https:\/\/david.gndev.se\/index.php\/wp-json\/wp\/v2\/pages\/12\/revisions"}],"predecessor-version":[{"id":71,"href":"https:\/\/david.gndev.se\/index.php\/wp-json\/wp\/v2\/pages\/12\/revisions\/71"}],"wp:attachment":[{"href":"https:\/\/david.gndev.se\/index.php\/wp-json\/wp\/v2\/media?parent=12"}],"curies":[{"name":"wp","href":"https:\/\/api.w.org\/{rel}","templated":true}]}}